a(m) = -m**3 + 7*m**2 + 3*m - 7. Let u(f) = 2*f**3 - 7*f**2 - 3*f + 8. Let t(o) = 3*a(o) + 2*u(o). Give t(-6).
13
Let g(p) = p**2 - 1. Let y(u) = 2*u**2 - u - 1. Let b(n) = 5*g(n) - 2*y(n). Let s(f) be the first derivative of b(f). Let r = -7 - -3. Determine s(r).
-6
Let h(x) be the second derivative of -x**5/20 + x**4/12 - x**3/6 - x**2/2 - x. Let q be 4/(-22) - ((-124)/(-44) + -3). Give h(q).
-1
Let m(w) = -7*w**2 - 2*w + 1. Suppose 10*c = -5*q + 5*c + 15, -2*q = -3*c + 4. What is m(q)?
-8
Suppose -2*l + 5*l + 18 = 0. Let c be (6/l)/(0 + -1). Let k(j) = -5*j - 4 + c + 4. Determine k(2).
-9
Suppose 51 = -45*p + 46*p. Let h(l) = -16 + l**2 - p*l - 48*l + 98*l. What is h(0)?
-16
Let x(z) = 5*z + 7. Suppose -16 = -2*c - q - 3*q, 9 = 3*c + 3*q. Give x(c).
-3
Let s(o) be the second derivative of 11*o**3/6 + 3*o**2 + 2*o. Let b(c) = 5*c + 3. Let k = -3 + 7. Let f(u) = k*s(u) - 9*b(u). Calculate f(-6).
3
Let w = -76 + 83. Let o(b) = 17*b + 13. Let i(a) = -6*a - 4. Let f(p) = w*i(p) + 2*o(p). What is f(2)?
-18
Let x(m) = m + 7. Let u be x(-7). Suppose u = 6*h - 2*h. Let f(z) = 1 + h - z + 1 + 2. Determine f(0).
4
Suppose 0 = -3*t + 266 - 71. Let g = t + -63. Let z(r) = -r**2 + 3*r - 2. Determine z(g).
0
Let k(g) = 22*g + 1114. Let c be k(-51). Let l(s) = -s**3 - 8*s**2 - s - 9. Calculate l(c).
-1
Let m(k) = 11*k**2 + 59*k + 113. Let g(y) = -4*y**2 - 20*y - 38. Let d(t) = -8*g(t) - 3*m(t). Determine d(-14).
7
Suppose -64 - 26 = -9*n. Let f be 84/20 - 5 - 2/n. Let m(p) = 4*p**2 + 1. Give m(f).
5
Suppose -4*l - 2*o + 6 = -4, 4*l - 9 = -3*o. Suppose 5*g - 15 = 0, 4*g + l = -b + 14. Let n(d) = 10 - 20 + 11 - d**2 + 4*d**3. Determine n(b).
-4
Let h be 2/4 - 2/(-4). Suppose 0 = -t - h, -2*d - 4*t - 3 = 1. Let x(n) = n - 11. Determine x(d).
-11
Let u(g) = -2*g**2 + 6 + 3*g**2 + 5*g - 4 - 4*g + 3. Let z(h) = -h - 7. Let s be z(-7). Give u(s).
5
Let b = 289 + -286. Let w(c) = -c**3 + 5*c**2 - 3*c + 3. Determine w(b).
12
Let l(b) = 6*b - 7. Let i(z) = -17*z + 20. Let n(r) = 3*i(r) + 8*l(r). Let x = -22 + 19. What is n(x)?
13
Let x(b) = -154 - b**2 - 12*b + 7*b + 153. Determine x(-4).
3
Let p = 7 - 5. Let c(o) be the third derivative of o**7/2520 + o**6/720 - o**5/120 - o**4/2 - 2*o**2. Let x(d) be the second derivative of c(d). Calculate x(p).
5
Let s(v) = -v**2 + 7*v - 3. Let k be (-9)/(1 + (-1)/(-2)). Let h = 39 + -49. Let o = k - h. Give s(o).
9
Let y(q) = q**2 - 4*q - 3. Suppose -t - 3*t - 4*f = 44, 0 = 3*t - 3*f + 51. Suppose -7*k = -10*k + 54. Let p = k + t. What is y(p)?
-3
Let w(r) be the third derivative of r**5/60 + r**4/3 + 11*r**3/6 - r**2. Suppose 0 = -218*o - 35*o - 2024. Give w(o).
11
Let j(a) = 13*a**3 - 11*a**2 - 4*a - 8. Let h(y) = 15*y**3 - 12*y**2 - 4*y - 8. Let t(b) = -6*h(b) + 7*j(b). Give t(6).
4
Let h(n) = 5*n**2 + n**3 - 168 - 4*n**2 + 337 - 174 + n. Let g be 7 - 3 - 4*1. Determine h(g).
-5
Let j(t) = -t**2 + 6*t + 1. Let b(v) = v**3 - v - 1. Let w(z) = 3*b(z) + j(z). What is w(1)?
3
Let i(z) = z - 1. Let n be (7 - 2 - (2 + 1)) + 1. Suppose 0 = -2*f + 3*r - r + 2, 27 = 2*f + n*r. What is i(f)?
5
Let z(h) = -264*h + 1089*h - 270*h - 268*h + 77 - 275*h. Give z(-6).
5
Let v(h) = -h**2 - 8*h - 12. Suppose -29*c + 36 = 239. Determine v(c).
-5
Let u(l) = 2*l**2 + 13*l - 4. Let j be -167 - -152 - (-1 + -7). Calculate u(j).
3
Suppose 1 = -u - 0, -3*u = -5*t - 7. Let x(c) be the third derivative of -1/60*c**5 - 1/3*c**3 - 14*c**2 + 0*c + 0 + 1/24*c**4. What is x(t)?
-8
Let r(q) = 19*q**3 - 9*q**2 - 8*q + 2. Let f(t) = 5*t**3 - t**2 - t + 1. Let v(a) = 4*f(a) - r(a). Suppose 2*n - 5*b + 0*b = -30, n = 5*b - 25. Calculate v(n).
-18
Let v(a) = 6*a**3 + 3*a**2 - 5*a**3 + 7*a + 3*a**2 + a**2 + 2. What is v(-6)?
-4
Let q(s) = -s**3 - 16*s**2 - 15*s + 2. Let d be q(-15). Let x(j) = -24 + 17 - j**d + 4*j + 10. Let f(g) = g**3 - g**2 + g + 4. Let z be f(0). What is x(z)?
3
Let k(t) be the first derivative of t**3/3 - 15*t**2/2 + 20*t - 898. Determine k(15).
20
Let n(v) = 7*v**2 + v - 4. Let k be n(-2). Let o(a) = -11*a - 10*a + k*a. Suppose g - 2*f = 2, 2*g + 4*f - 32 = -2*g. What is o(g)?
6
Let z(n) be the third derivative of -n**5/60 - n**4/6 + 7*n**3/3 + 513*n**2. Determine z(-7).
-7
Let y(p) be the third derivative of 0 - 2/3*p**3 + 7/24*p**4 + 2*p**2 + 0*p - 1/120*p**5. Let b(o) be the first derivative of y(o). Determine b(6).
1
Let f = 27 - 21. Let u be ((-4)/3)/(2/f). Let z(a) = 2*a + 2. What is z(u)?
-6
Suppose 95*h - 99*h + 122 = -5*q, -h = -2*q - 50. Let t(l) = -l**2 - 26*l - 1. Give t(q).
-1
Let l(u) = -2 + 2*u + u**2 + 7 - 4 + 11*u**3. Let p = 4 + 5. Suppose 3*q + p = 3*b, 0*q - 1 = -3*b + q. Determine l(b).
-11
Let m(p) = p**3 - 10*p**2 + 7. Let a = -50 - -60. Let y be m(a). Let j(c) = -c**2 + 8*c - 6. Calculate j(y).
1
Let c(b) = 12*b**2 - b + 16*b**3 - 43*b**2 + 6 - 5 + 9. Let x(u) = 3*u**3 - 6*u**2 + 2. Let d(m) = 2*c(m) - 11*x(m). What is d(3)?
1
Let v be (-3 + 3 + 0)/6. Let p(t) = -t**2 + 2*t + 4. Determine p(v).
4
Let n(k) = -k + 5. Let v be ((-46)/(-14) - 7) + 2/(-7). Calculate n(v).
9
Let x(n) = 20*n + 172. Let a be x(-9). Let u(r) = r + 6. Calculate u(a).
-2
Let d(m) = 3*m + 7. Let o be (7/(-21))/(74/24 - 3). Calculate d(o).
-5
Let r(b) = b**2 + 4*b + 3. Let a = -4 + -4. Let q(o) = -o**2 - 4 + 10*o + 2*o**2 + 16. Let v be q(a). Determine r(v).
3
Let h = -2 - 4. Let y be 21/2*8/12. Let n(d) = d + y - 2*d - 6. Give n(h).
7
Let a(p) = -2*p**3 + p**2 - 1. Suppose 4*s - 25 = -3*w, -5*w + 29 - 2 = 3*s. Suppose -2*b = -w*g + 2*g - 2, 0 = b - 5*g - 1. Determine a(b).
-2
Suppose -17*b = -16*b - 2. Let w(a) = 7*a - 7*a**b - a**2 + 7*a**2 + 3. Suppose -5*i = 25, -2*k - 5*i + 0 = 13. Give w(k).
9
Let g(b) = b**3 + b**2 - 1. Let q(u) = 6*u**2 + u + 4. Let s(j) = -g(j) + q(j). What is s(5)?
10
Suppose 5*h = 4*d - 79, 0 = d + 2*h + 3 - 26. Suppose 0 = 59*j - 56*j + d. Let q(v) = v**3 + 6*v**2 - 8*v - 8. Calculate q(j).
-1
Let h = -422 + 422. Let b(d) = d + 2. Give b(h).
2
Let u(c) = 5*c**3 + c**2 + 5*c. Let n(g) = -g**3 + g**2. Let p(r) = 4*n(r) + u(r). What is p(-4)?
-4
Let k(p) = -p**2 - 9*p - 15. Let s be (-2 + -6)/4*12. Let w be (-51)/7 + s/(-84). Let q be k(w). Let o(m) = 7*m**2. Give o(q).
7
Let d(u) = -u + 2. Let h(t) = -t + 54. Let p be h(50). Give d(p).
-2
Let x(i) be the second derivative of 7/2*i**2 + 1/20*i**5 + 0 + 5/12*i**4 - 5*i + 1/6*i**3. Give x(-5).
2
Let l(n) = n**3 - 11*n**2 + 20*n + 54. Let a be l(7). Let x(w) = w**3 + w**2 - 2*w - 4. What is x(a)?
-4
Let p = 45 - 29. Let l be 2/(-3 - (-52)/p). Suppose -i + l = i. Let z(x) = -x**2 + 3*x + 4. Calculate z(i).
0
Let w(m) = -m**3 + 19*m**2 + 63*m - 4. Let f be w(-3). Let q(a) = a**3 - 6*a**2 + 4*a + 10. What is q(f)?
5
Let m(b) be the third derivative of b**6/120 + 2*b**5/15 + 5*b**4/12 + 7*b**3/6 - b**2 + 14. Determine m(-6).
19
Suppose 0 = 2*h + h + 18. Let l be ((-4)/h)/(6/(-9)). Let p(s) = 6*s**2 - s. Calculate p(l).
7
Let w(y) = 3*y**3 - 2*y**2 + y + 2. Suppose -d - 17*i = -15*i - 12, 0 = -5*d + 5*i - 15. Determine w(d).
20
Let c(y) = y**2 + 11*y + 2. Let o be c(-11). Let t(g) = 0 + 0*g**2 + 1 - 7*g - g**2 + 0*g**o. Suppose -4 = 4*b - 5*k, -2*b - 4 = -2*k - 0. Calculate t(b).
7
Let v(a) = -6*a**3 + 2*a**2 - a + 1. Let s(k) = 5*k**3 - 2*k**2 + k - 2. Let w(z) = -5*s(z) - 4*v(z). Give w(3).
-6
Let w(o) = o - 15. Let i be w(11). Let j be i/(-8) - (-27)/6. Let y(m) = -7*m**2 - 1 + m**2 - m**2 + 6*m**2 + 2*m. What is y(j)?
-16
Let q be (-2 - 1) + (-3 + 16)*1. Let g(j) = 7*j - 5 + q + 3*j**2 + 2*j**3 - 2 - 4*j. Determine g(-2).
-7
Let u(z) be the first derivative of -59 + 1/2*z**2 - 5*z. Determine u(0).
-5
Suppose 2*l - 2 = l. Let p(y) = -35*y**2 + 3 - 9*y + 36*y**l + 3. Let j be (-7)/2*8/(-4). Determine p(j).
-8
Let b(a) = 19*a + 3 - 38*a + 16*a. What is b(4)?
-9
Let o(l) = -2*l**2 - 34*l + 30. Let z be o(-21). Let r = -141 - z. Let b(q) = -q**2 - 3*q + 2. Calculate b(r).
2
Let c(o) be the third derivative of o**4/6 - 23*o**3/6 + 18*o**2 - 5*o. Give c(6).
1
Let t(u) = 51*u - 252. Let q be t(5). Let o(c) = 5*c - 4. Let f(y) = y - 1. Let a(w) = 6*f(w) - o(w). What is a(q)?
1
Let r(s) = s + 8. Let z(x) = -1. Let u(p) = r(p) + 4*z(p). Let l be u(7). Suppose 4*j + l = 31. Let t(y) = 2*y + 5. What is t(j)?
15
Suppose -29*z + 25*z = 4. Let f(o) = -3*o + 1. Let s(y) = -6*y + 2. Let t